2 + 9064*t**3 - 9062*t**3. What is j(4)?
1
Let t(c) = -321*c + 12200. Let r be t(38). Let f(u) be the first derivative of 3*u**r + 2/3*u**3 + 36 + 6*u. Calculate f(-4).
14
Let h(b) be the second derivative of 38*b**3/3 + 151*b**2/2 - 87*b + 4. What is h(-2)?
-1
Let v(q) be the second derivative of -q**3/2 - 17*q**2/2 + 5*q. Let p(x) = -16*x - 84. Let m(k) = -2*p(k) + 11*v(k). What is m(-12)?
-7
Suppose -9*y - 3*q - 18 = -6*y, y - q = 4. Let u(b) = 6*b**3 - b**2. Let n(j) = -4*j**3 + 3*j**3 + j**3 + j**3. Let r(x) = 2*n(x) + u(x). Give r(y).
-9
Let u(k) be the first derivative of 202 - 4/3*k**3 - 2*k - 3/2*k**2. Give u(-3).
-29
Let x(c) = -4*c + 2. Let w(n) = n**3 + 12*n**2 + 5*n - 6. Let b be w(-11). Let s(m) = -b*m - 14 + 125*m - 61*m. Let y be s(4). Give x(y).
-6
Let r(j) be the first derivative of -3834*j**2 + 1915*j**2 + 1917*j**2 + 7*j + 4*j - 109. Determine r(-8).
43
Let r(h) = h**2 - h - 5. Let d(z) = 12*z + 73 - 75 - z**3 + 34 - 7*z**2. Let g be d(-8). Determine r(g).
-5
Let w = 11138 + -11136. Let l(p) = 2*p - 9. Give l(w).
-5
Let t(z) = -40*z - 5. Let c = 8036 + -8037. Determine t(c).
35
Let n(h) = 52*h - 9 + 7 - 26*h - 22*h. Determine n(1).
2
Let y(c) be the first derivative of c**3/3 - 6*c**2 + 31*c - 1. Suppose -2*x - p = -19, 385*x - 374*x - 76 = 4*p. Determine y(x).
-1
Let t(n) = -7*n**2 + 2. Let o(h) = -h**3 - 43*h**2 - 41*h + 44. Let x be o(-42). Determine t(x).
-26
Let q(a) = a - 2. Let x be (-16)/(-12)*-36 - -4. Let r = x - -39. What is q(r)?
-7
Let k(o) = -4*o**2 - 10*o - 6. Suppose -27 = j + 5*z, 14 = 4*j + 2*z + 32. Let s(w) = 2*w**2 + 3*w + 2. Let v(h) = j*k(h) - 7*s(h). Give v(-1).
-7
Let d(m) = 3511260 + 0*m - 10*m - 3511207. Determine d(5).
3
Let v(o) = -4*o**2 - 1. Let t(w) = -32*w - 98. Let p be t(8). Let i = 355 + p. Give v(i).
-5
Let x = 113 + -98. Let q be -1 + (-1)/(-3) + 70/x. Let f(k) = k - 1. Calculate f(q).
3
Let a(i) = -4*i + 1. Let k(x) = x**2 - 2*x + 3. Let n be k(0). Let h be (6/(-8))/(n/(-16)). Suppose -2*z - h = 2*z. Give a(z).
5
Let d(u) = u**3 - 8*u**2 + 9*u + 7. Let c = 11 - 21. Let n be 14 - (12 + c/2). What is d(n)?
21
Let p(u) = u**2 - 7*u + 1. Suppose -117*c - 32 = -133*c. Let d = -7 - -15. Let q = d - c. Give p(q).
-5
Let v(o) = -o**2 - 14*o + 5. Suppose 8*z + 75 = 35. Let q(u) = u**2 + 13*u - 4. Let s(f) = z*v(f) - 6*q(f). What is s(-8)?
-1
Suppose 28*g = 32*g - 8. Let a(n) = 14 + 13*n + 101*n**g - 199*n**2 + 99*n**2. Give a(-11).
-8
Let y(t) = 6*t**3 + 30*t**2 + 9*t + 18. Let s(r) = -7*r**3 - 36*r**2 - 9*r - 18. Let p(g) = 5*s(g) + 6*y(g). Calculate p(-3).
-36
Let c(w) = w + 15. Suppose -s + 5*s - 3*b + 129 = 0, -5*b = 3*s + 133. Let f = -31 - s. Suppose -f*y - 40 = -5. Give c(y).
8
Let o = 93182 + -93191. Let u(y) be the third derivative of -y**5/60 - 11*y**4/24 - 2*y**3 + y**2. Calculate u(o).
6
Let k(f) = -86*f - 4421. Let a(d) = -27*d - 1263. Let t(r) = -17*a(r) + 5*k(r). What is t(22)?
4
Let b(x) = -5*x**3 + 11*x**2 - 4*x - 38. Let n(r) = -2*r**3 + 3*r**2 - 4*r - 13. Let t(c) = 3*b(c) - 8*n(c). Give t(-5).
-10
Suppose 3*u = -13 + 382. Suppose -113*p + u*p - 40 = 0. Let o(m) = 5*m - 5. Calculate o(p).
15
Let o be 6/2 - (-1 - 0). Let m(t) = 7*t**2 + 4*t + 2. Suppose -47 - 48 = 19*j. Let n(w) = 6*w**2 + 3*w + 2. Let v(h) = j*m(h) + 6*n(h). Calculate v(o).
10
Let v(g) be the second derivative of 15*g - 7/2*g**2 - 12 - 1/6*g**3. Suppose 14 = -2*y - 0*y. Calculate v(y).
0
Suppose 7*y - 7 - 35 = 0. Let f(l) = l - 9 + y*l**2 - 7*l + l**3 - 4*l + 5*l. What is f(-7)?
-23
Let y(m) = -6*m + 1. Let g(i) be the first derivative of -i**4/4 + 10*i**3/3 - 5*i**2 + 2*i - 8. Let c be g(9). Let k be (-4)/(-14) + 23/c + 2. Determine y(k).
7
Let b(p) = p**3 - 5*p**2 - 3*p - 3. Let f = -7060 - -7065. What is b(f)?
-18
Let r(n) be the third derivative of -n**4/12 + n**3/6 + n**2 - 2758*n. Suppose -64 = 4*h - 0*h. Let o = -9 - h. Give r(o).
-13
Let r(j) = 76*j + 6615. Let o be r(-87). Let t(v) be the third derivative of 32*v**2 - 2/3*v**o + 1/24*v**4 + 0 + 0*v. Calculate t(7).
3
Let w = 43 + -37. Suppose -22*y + w*y + 1888 = 0. Let f = 116 - y. Let t(r) = r**3 - 3*r**2 - r + 2. What is t(f)?
-16
Let s(h) = -5*h - 34. Let k be 3 + ((-3)/(-9)*-13)/((-13)/(-39)). Calculate s(k).
16
Suppose 5*l = s + 4 + 6, 3*l - 75 = -4*s. Let x(d) = d**2 - 15*d + 29. Calculate x(s).
29
Let w(x) = -10*x + 12. Let i(z) = -19*z + 22. Let g(u) = 4*i(u) - 7*w(u). Let j(o) = 20*o + 282. Let k be j(-14). Calculate g(k).
-8
Let o be (-2418)/(-744) - (-1)/4*-1. Suppose 0 = 5*g + 4*j + 7, o*g - 4*j + 9*j = 1. Let w(f) be the first derivative of f**2/2 + 4*f - 2. What is w(g)?
1
Suppose -4*w - w = -5*c - 30, 5*w + 2 = -3*c. Let r(m) be the third derivative of m**6/120 + m**5/60 - m**4/6 + m**3/2 + 1069*m**2. Calculate r(w).
7
Let z = -72 + 78. Let m(p) = -p**2 + 7*p - 3. Let b be m(z). Let x(v) = v**2 - v - 3. Calculate x(b).
3
Let t(p) be the second derivative of -p**5/60 - 5*p**4/12 - 3*p**3/2 + 41*p**2/2 + 86*p. Let d(f) be the first derivative of t(f). Give d(-7).
12
Let i(j) = -4*j**3 - 9*j**2 + 21*j - 14. Let s be i(2). Let g(y) = y**3 + 41*y**2 + 39*y - 24. What is g(s)?
16
Let m(v) = 2*v - 50. Let c be m(25). Suppose c = 136*p - 140*p - 56. Let r(g) = -g - 28. What is r(p)?
-14
Let p(g) = 3*g**2 - 107*g + 106. Let w be p(35). Let a be w/180*(1 + 4). Let s(o) = 6*o. Calculate s(a).
6
Let d(a) = -54*a - 20 - 111 - 239. Determine d(-7).
8
Let g(p) = -9*p**2 + 3*p - 18*p**2 + 28*p**2 - 8. Let y be g(-5). Let q(r) = r**3 + 2*r**2 - 2*r + 1. Give q(y).
13
Let q(h) = h**3 - 2*h**2 - h + 3. Let x be q(3). Suppose -x*y - 43 = 11. Let r(z) = -z**2 - 8*z - 1. Determine r(y).
11
Let n(a) = a**2 - 11*a + 33. Let o(x) = -4*x**2 - 210*x - 99. Let g be o(-52). Determine n(g).
3
Suppose 3*f + 396 = 1548. Let r be f/39 - (-14)/91. Let d(a) = a**2 - 11*a + 3. Give d(r).
-7
Suppose 0 = 5*l - 36 - 39. Suppose -2*m = -h - 19, 0*m + l = 2*m + 3*h. Suppose 4*c + 1 = m. Let f(s) = s**2 + 3*s - 3. What is f(c)?
7
Let a(d) = d + 3. Suppose -2*i + 13 = -2*p + 3*p, -3*i = -3*p - 6. Suppose -153*c + 151*c = 0. Suppose c = -i*m + 16 - 1. Give a(m).
6
Suppose -1303*n + 1319*n + 14 + 2 = 0. Let v(a) = 9*a + 11. Determine v(n).
2
Let q(o) be the first derivative of -o**3 + 21*o**2/2 - o + 7807. What is q(6)?
17
Let k(n) be the second derivative of -n**5/20 + 17*n**4/12 + 3*n**3 + 9*n**2/2 - 721*n. Calculate k(18).
9
Let q be (-6)/(-16) - (-29834)/(-112). Let d = -274 - q. Let h(r) = -2*r**2 + 6 - 7*r + 0*r**2 + r**2. Determine h(d).
-2
Let p(c) = -4*c**2 - 23*c - 37. Let u(b) = -5*b**2 - 24*b - 38. Suppose 7*i + 2*i - 27 = 0. Let n(s) = i*u(s) - 4*p(s). What is n(-18)?
-2
Let f(t) = -2. Let w(a) be the second derivative of a**4/12 + 11*a**3/6 + 11*a**2/2 - 278*a. Let j(r) = 2*f(r) - w(r). Calculate j(-6).
15
Let t(y) = -5*y - 29. Let u(s) = -s - 5. Let b(m) = -t(m) + 6*u(m). Let k = 17 - 11. Let d be (-60)/k + 3*1. Determine b(d).
6
Let w = -7 - -99. Suppose w*q + 6 = 98*q. Let x(j) = 35*j**3 + j**2. Calculate x(q).
36
Let v(s) = 18*s - 2. Let j(o) = -o**2 - 21*o - 105. Let w be j(-13). What is v(w)?
-20
Let g(i) = 34*i + 2. Let p be g(1). Let l be (0 - 1)/((-9)/p). Let w(h) = 2*h**3 - 3*h**3 + 2*h**2 - l*h**2 - 2*h**2 + 3*h - 1. Give w(-5).
9
Let w be (-6 + 10 - 6)*(-1 - 0). Let u(l) = -208*l + w + 409*l - 200*l. Give u(-7).
-5
Let o be -1 - -3 - (3 - 4 - 1). Suppose -3*q - 222 = -3*n - q, 3*n - 222 = -4*q. Let m(h) = -h**3 + 6*h**2 + 2 - 80*h + n*h - h**2. What is m(o)?
-6
Let p(l) = 14 + 3*l**3 + 3 - 13*l + 4*l**3 - l**3 - 5*l**3 + 13*l**2. Determine p(-14).
3
Let f(c) = c**2 - 206*c - 1500. Let i be f(-7). Let j(u) = u**2 + 9*u + 11. Calculate j(i).
11
Let l = -10 + 5. Let b(s) = -s**2 + 9497*s + 0*s**2 + 8 - 9498*s. Determine b(l).
-12
Let q(w) = w**3 - 5*w**2 + 7*w + 21. Suppose 267*c + 467 - 1802 = 0. What is q(c)?
56
Let w(v) = 6*v - 20. Let t(l) = -l**3 - 9*l**2 + 58*l - 14. Let j be t(4). Give w(j).
40
Let h(d) = d - 218. Let j(x) = -x - 36. Let n(s) = -h(s) + 4*j(s). Give n(17).
-11
Suppose -1352 - 373 = -15*t. Let w = 113 - t. Let g(q) be the second derivative of -q**5/20 - q**4/12 - q**2 - q. Calculate g(w).
2
Suppose -2*y - 17 + 19 = 0. Let l(z) = 61*z - 1 - 115*z + 55*z - y. What is l(-4)?
-6
Let u(j) = j**2 - 22*j - 20. Let s be (-414)/12*(-2)/3.